{"id":2767,"date":"2024-11-08T09:45:33","date_gmt":"2024-11-08T07:45:33","guid":{"rendered":"https:\/\/kuvataidetalo.fi\/koe\/mina-en-pelkaa\/"},"modified":"2024-11-26T17:16:02","modified_gmt":"2024-11-26T15:16:02","slug":"i-am-not-afraid","status":"publish","type":"experience","link":"https:\/\/kuvataidetalo.fi\/en\/experience\/i-am-not-afraid\/","title":{"rendered":"I am not afraid"},"content":{"rendered":"\n<div  class=\"ktt-rich-text mt-0 bg-body text-body\" data-bs-theme=dark>\n\t<div class=\"container-xxl\">\n\t\t<div class=\"ktt-narrow\">\n\t\t\t<h2>About the exhibition<\/h2>\n<p>The December exhibition at Galleria Kuvitus is based on the picture book Min\u00e4 en pelk\u00e4\u00e4 (I Am Not Afraid), co-created with author J.S. Meresmaa (Enostone, 2024). The book tells the story of Lola, a girl who loves fireworks but is afraid of dogs.<\/p>\n<p>The energetic character dressed in yellow and blue was created by Meria Palin while listening to war news, and the process of creating this character was both comforting and empowering for the illustrator. The exhibition highlights the significance of turning the pages of the picture book. The wax crayon illustrations and spreads are peacefully simple, yet the story flows forward.<\/p>\n\t\t\t\t\t<\/div>\n\t<\/div>\n<\/div>\n\n\n\n<div style=\"height:50px\" aria-hidden=\"true\" class=\"wp-block-spacer\"><\/div>\n\n\n\n\t<div  class=\"ktt-media-and-text mt-0 text-body bg-body ktt-media-and-text--manual\" data-bs-theme=light>\n\t\t<div class=\"container-xxl\">\n\t\t\t<div class=\"row align-items-center g-md-0\">\n\t\t\t\t<div class=\"ktt-media-and-text__media-container col-12 col-md-6 order-first order-md-first\">\n\t\t\t\t\t\t\t\t\t<\/div>\n\t\t\t\t<div class=\"ktt-media-and-text__text-container col-12 col-md-6\">\n\t\t\t\t\t\t\t\t\t\t\t<h2 class=\"ktt-media-and-text__title \">Meria Palin<\/h2>\n\t\t\t\t\t\n\t\t\t\t\t\t\t\t\t\t\n\t\t\t\t\t\t\t\t\t\t\t<div class=\"ktt-media-and-text__description\"><p>Meria Palin is an illustrator and author based in Tampere. She graduated with a Master\u2019s degree in Children\u2019s Book Illustration from the Cambridge School of Art in 2019. <\/p>\n<\/div>\n\t\t\t\t\t\n\t\t\t\t\t\t\t\t\t\t\t\n\t\t\t<a class=\"btn btn-primary\" href=\"https:\/\/kuvataidetalo.fi\/en\/people\/meria-palin\/\" target=\"\">About the artist<\/a>\n\t\t\n\t\t\t\t\t\t\t\t\t\t<\/div>\n\t\t\t<\/div>\n\t\t<\/div>\n\t<\/div>\n\n\t\n\n\n<div style=\"height:50px\" aria-hidden=\"true\" class=\"wp-block-spacer\"><\/div>\n\n\n\n\t<div  class=\"ktt-media-and-text mt-0 text-body bg-body ktt-media-and-text--manual\" data-bs-theme=dark>\n\t\t<div class=\"container-xxl\">\n\t\t\t<div class=\"row align-items-center g-md-0\">\n\t\t\t\t<div class=\"ktt-media-and-text__media-container col-12 col-md-6 order-first order-md-last\">\n\t\t\t\t\t\t\t\t\t\t\t<img decoding=\"async\" class=\"w-100\" src=\"https:\/\/kuvataidetalo.fi\/wp-content\/uploads\/2024\/08\/Galleria-Kuvitus-768x511.jpg\" alt=\"\">\n\t\t\t\t\t\t\t\t\t<\/div>\n\t\t\t\t<div class=\"ktt-media-and-text__text-container col-12 col-md-6\">\n\t\t\t\t\t\t\t\t\t\t\t<h2 class=\"ktt-media-and-text__title \">Visit the Exhibition<\/h2>\n\t\t\t\t\t\n\t\t\t\t\t\t\t\t\t\t\n\t\t\t\t\t\t\t\t\t\t\t<div class=\"ktt-media-and-text__description\"><p>Galleria Kuvitus<\/p>\n<p>H\u00e4meentie 28, 00530 Helsinki<br \/>\nOpen thu-Fri 12-17, Sat-Sun 12-16<\/p>\n<\/div>\n\t\t\t\t\t\n\t\t\t\t\t\t\t\t\t\t\t\n\t\t\t<a class=\"btn btn-primary\" href=\"https:\/\/kuvataidetalo.fi\/en\/operators\/gallery-illustration\/\" target=\"\">Gallery<\/a>\n\t\t\n\t\t\t\t\t\t\t\t\t\t<\/div>\n\t\t\t<\/div>\n\t\t<\/div>\n\t<\/div>\n\n\t\n\n\n<div  class=\"ktt-marquee mt-0\">\n\t<h2 class=\"ktt-marquee__text sr-only\">\n\t\texhibitions\t<\/h2>\n<\/div>\n\n\n\n<div  class=\"ktt-separator container-fluid my-4\">\n\t<div class=\"border-bottom border-3 position-relative\">\n\t\t\t\t\t<h2 class=\"separator__text position-absolute mb-0 top-50 start-50 translate-middle bg-body text-uppercase text-center\">See also<\/h2>\n\t\t\t<\/div>\n<\/div>\n\n\n\n<div  class=\"ktt-recommended-content container-xxl d-flex flex-column align-items-center\">\n\t<div class=\"ktt-recommended-content__grid grid w-100\">\n\t\t\t<\/div>\n\t\n\t\t\t<a class=\"btn btn-primary\" href=\"https:\/\/kuvataidetalo.fi\/en\/experience\/?experience_cat=exhibition\" target=\"\">All exhibitions<\/a>\n\t\t\n\t<\/div>\n","protected":false},"featured_media":0,"template":"single-experience-2","experience_cat":[163],"experience_location":[152],"experience_target_group":[162],"class_list":["post-2767","experience","type-experience","status-publish","hentry","experience_cat-exhibition","experience_location-helsinki-en","experience_target_group-for-everyone"],"yoast_head":"<!-- This site is optimized with the Yoast SEO plugin v27.5 - https:\/\/yoast.com\/product\/yoast-seo-wordpress\/ -->\n<title>I am not afraid - Kuvataidetalo<\/title>\n<meta name=\"robots\" content=\"index, follow, max-snippet:-1, max-image-preview:large, max-video-preview:-1\" \/>\n<link rel=\"canonical\" href=\"https:\/\/kuvataidetalo.fi\/en\/experience\/i-am-not-afraid\/\" \/>\n<meta property=\"og:locale\" content=\"en_US\" \/>\n<meta property=\"og:type\" content=\"article\" \/>\n<meta property=\"og:title\" content=\"I am not afraid - Kuvataidetalo\" \/>\n<meta property=\"og:url\" content=\"https:\/\/kuvataidetalo.fi\/en\/experience\/i-am-not-afraid\/\" \/>\n<meta property=\"og:site_name\" content=\"Kuvataidetalo\" \/>\n<meta property=\"article:modified_time\" content=\"2024-11-26T15:16:02+00:00\" \/>\n<meta property=\"og:image\" content=\"https:\/\/kuvataidetalo.fi\/wp-content\/uploads\/2024\/11\/26e6b0ad-14bb-4b39-a709-6f56f8a22b8b-teoskuvat-LOLA08-09-PYORALLAMAALLE1-MERIAPALIN-scaled-e1731067192333.jpg\" \/>\n\t<meta property=\"og:image:width\" content=\"2560\" \/>\n\t<meta property=\"og:image:height\" content=\"1523\" \/>\n\t<meta property=\"og:image:type\" content=\"image\/jpeg\" \/>\n<meta name=\"twitter:card\" content=\"summary_large_image\" \/>\n<meta name=\"twitter:label1\" content=\"Est. reading time\" \/>\n\t<meta name=\"twitter:data1\" content=\"1 minute\" \/>\n<script type=\"application\/ld+json\" class=\"yoast-schema-graph\">{\"@context\":\"https:\\\/\\\/schema.org\",\"@graph\":[{\"@type\":\"WebPage\",\"@id\":\"https:\\\/\\\/kuvataidetalo.fi\\\/en\\\/experience\\\/i-am-not-afraid\\\/\",\"url\":\"https:\\\/\\\/kuvataidetalo.fi\\\/en\\\/experience\\\/i-am-not-afraid\\\/\",\"name\":\"I am not afraid - Kuvataidetalo\",\"isPartOf\":{\"@id\":\"https:\\\/\\\/kuvataidetalo.fi\\\/en\\\/#website\"},\"datePublished\":\"2024-11-08T07:45:33+00:00\",\"dateModified\":\"2024-11-26T15:16:02+00:00\",\"breadcrumb\":{\"@id\":\"https:\\\/\\\/kuvataidetalo.fi\\\/en\\\/experience\\\/i-am-not-afraid\\\/#breadcrumb\"},\"inLanguage\":\"en-US\",\"potentialAction\":[{\"@type\":\"ReadAction\",\"target\":[\"https:\\\/\\\/kuvataidetalo.fi\\\/en\\\/experience\\\/i-am-not-afraid\\\/\"]}]},{\"@type\":\"BreadcrumbList\",\"@id\":\"https:\\\/\\\/kuvataidetalo.fi\\\/en\\\/experience\\\/i-am-not-afraid\\\/#breadcrumb\",\"itemListElement\":[{\"@type\":\"ListItem\",\"position\":1,\"name\":\"Home\",\"item\":\"https:\\\/\\\/kuvataidetalo.fi\\\/en\\\/\"},{\"@type\":\"ListItem\",\"position\":2,\"name\":\"I am not afraid\"}]},{\"@type\":\"WebSite\",\"@id\":\"https:\\\/\\\/kuvataidetalo.fi\\\/en\\\/#website\",\"url\":\"https:\\\/\\\/kuvataidetalo.fi\\\/en\\\/\",\"name\":\"Kuvataidetalo\",\"description\":\"\",\"publisher\":{\"@id\":\"https:\\\/\\\/kuvataidetalo.fi\\\/en\\\/#organization\"},\"potentialAction\":[{\"@type\":\"SearchAction\",\"target\":{\"@type\":\"EntryPoint\",\"urlTemplate\":\"https:\\\/\\\/kuvataidetalo.fi\\\/en\\\/?s={search_term_string}\"},\"query-input\":{\"@type\":\"PropertyValueSpecification\",\"valueRequired\":true,\"valueName\":\"search_term_string\"}}],\"inLanguage\":\"en-US\"},{\"@type\":\"Organization\",\"@id\":\"https:\\\/\\\/kuvataidetalo.fi\\\/en\\\/#organization\",\"name\":\"Kuvataidetalo\",\"url\":\"https:\\\/\\\/kuvataidetalo.fi\\\/en\\\/\",\"logo\":{\"@type\":\"ImageObject\",\"inLanguage\":\"en-US\",\"@id\":\"https:\\\/\\\/kuvataidetalo.fi\\\/en\\\/#\\\/schema\\\/logo\\\/image\\\/\",\"url\":\"https:\\\/\\\/kuvataidetalo.fi\\\/wp-content\\\/uploads\\\/2024\\\/06\\\/placeholder_image_taiteilija.png\",\"contentUrl\":\"https:\\\/\\\/kuvataidetalo.fi\\\/wp-content\\\/uploads\\\/2024\\\/06\\\/placeholder_image_taiteilija.png\",\"width\":1251,\"height\":1140,\"caption\":\"Kuvataidetalo\"},\"image\":{\"@id\":\"https:\\\/\\\/kuvataidetalo.fi\\\/en\\\/#\\\/schema\\\/logo\\\/image\\\/\"}}]}<\/script>\n<!-- \/ Yoast SEO plugin. -->","yoast_head_json":{"title":"I am not afraid - Kuvataidetalo","robots":{"index":"index","follow":"follow","max-snippet":"max-snippet:-1","max-image-preview":"max-image-preview:large","max-video-preview":"max-video-preview:-1"},"canonical":"https:\/\/kuvataidetalo.fi\/en\/experience\/i-am-not-afraid\/","og_locale":"en_US","og_type":"article","og_title":"I am not afraid - Kuvataidetalo","og_url":"https:\/\/kuvataidetalo.fi\/en\/experience\/i-am-not-afraid\/","og_site_name":"Kuvataidetalo","article_modified_time":"2024-11-26T15:16:02+00:00","og_image":[{"width":2560,"height":1523,"url":"https:\/\/kuvataidetalo.fi\/wp-content\/uploads\/2024\/11\/26e6b0ad-14bb-4b39-a709-6f56f8a22b8b-teoskuvat-LOLA08-09-PYORALLAMAALLE1-MERIAPALIN-scaled-e1731067192333.jpg","type":"image\/jpeg"}],"twitter_card":"summary_large_image","twitter_misc":{"Est. reading time":"1 minute"},"schema":{"@context":"https:\/\/schema.org","@graph":[{"@type":"WebPage","@id":"https:\/\/kuvataidetalo.fi\/en\/experience\/i-am-not-afraid\/","url":"https:\/\/kuvataidetalo.fi\/en\/experience\/i-am-not-afraid\/","name":"I am not afraid - Kuvataidetalo","isPartOf":{"@id":"https:\/\/kuvataidetalo.fi\/en\/#website"},"datePublished":"2024-11-08T07:45:33+00:00","dateModified":"2024-11-26T15:16:02+00:00","breadcrumb":{"@id":"https:\/\/kuvataidetalo.fi\/en\/experience\/i-am-not-afraid\/#breadcrumb"},"inLanguage":"en-US","potentialAction":[{"@type":"ReadAction","target":["https:\/\/kuvataidetalo.fi\/en\/experience\/i-am-not-afraid\/"]}]},{"@type":"BreadcrumbList","@id":"https:\/\/kuvataidetalo.fi\/en\/experience\/i-am-not-afraid\/#breadcrumb","itemListElement":[{"@type":"ListItem","position":1,"name":"Home","item":"https:\/\/kuvataidetalo.fi\/en\/"},{"@type":"ListItem","position":2,"name":"I am not afraid"}]},{"@type":"WebSite","@id":"https:\/\/kuvataidetalo.fi\/en\/#website","url":"https:\/\/kuvataidetalo.fi\/en\/","name":"Kuvataidetalo","description":"","publisher":{"@id":"https:\/\/kuvataidetalo.fi\/en\/#organization"},"potentialAction":[{"@type":"SearchAction","target":{"@type":"EntryPoint","urlTemplate":"https:\/\/kuvataidetalo.fi\/en\/?s={search_term_string}"},"query-input":{"@type":"PropertyValueSpecification","valueRequired":true,"valueName":"search_term_string"}}],"inLanguage":"en-US"},{"@type":"Organization","@id":"https:\/\/kuvataidetalo.fi\/en\/#organization","name":"Kuvataidetalo","url":"https:\/\/kuvataidetalo.fi\/en\/","logo":{"@type":"ImageObject","inLanguage":"en-US","@id":"https:\/\/kuvataidetalo.fi\/en\/#\/schema\/logo\/image\/","url":"https:\/\/kuvataidetalo.fi\/wp-content\/uploads\/2024\/06\/placeholder_image_taiteilija.png","contentUrl":"https:\/\/kuvataidetalo.fi\/wp-content\/uploads\/2024\/06\/placeholder_image_taiteilija.png","width":1251,"height":1140,"caption":"Kuvataidetalo"},"image":{"@id":"https:\/\/kuvataidetalo.fi\/en\/#\/schema\/logo\/image\/"}}]}},"publishpress_future_action":{"enabled":false,"date":"2026-05-07 11:34:25","action":"change-status","newStatus":"draft","terms":[],"taxonomy":"experience_cat","extraData":[]},"publishpress_future_workflow_manual_trigger":{"enabledWorkflows":[]},"_links":{"self":[{"href":"https:\/\/kuvataidetalo.fi\/en\/wp-json\/ktt\/experiences\/2767","targetHints":{"allow":["GET"]}}],"collection":[{"href":"https:\/\/kuvataidetalo.fi\/en\/wp-json\/ktt\/experiences"}],"about":[{"href":"https:\/\/kuvataidetalo.fi\/en\/wp-json\/wp\/v2\/types\/experience"}],"wp:attachment":[{"href":"https:\/\/kuvataidetalo.fi\/en\/wp-json\/wp\/v2\/media?parent=2767"}],"wp:term":[{"taxonomy":"experience_cat","embeddable":true,"href":"https:\/\/kuvataidetalo.fi\/en\/wp-json\/ktt\/experience_cat?post=2767"},{"taxonomy":"experience_location","embeddable":true,"href":"https:\/\/kuvataidetalo.fi\/en\/wp-json\/wp\/v2\/experience_location?post=2767"},{"taxonomy":"experience_target_group","embeddable":true,"href":"https:\/\/kuvataidetalo.fi\/en\/wp-json\/wp\/v2\/experience_target_group?post=2767"}],"curies":[{"name":"wp","href":"https:\/\/api.w.org\/{rel}","templated":true}]}}

<div  class="ktt-rich-text mt-0 bg-body text-body" data-bs-theme=dark>
	<div class="container-xxl">
		<div class="ktt-narrow">
			<h2>About the exhibition</h2>
<p>The December exhibition at Galleria Kuvitus is based on the picture book Minä en pelkää (I Am Not Afraid), co-created with author J.S. Meresmaa (Enostone, 2024). The book tells the story of Lola, a girl who loves fireworks but is afraid of dogs.</p>
<p>The energetic character dressed in yellow and blue was created by Meria Palin while listening to war news, and the process of creating this character was both comforting and empowering for the illustrator. The exhibition highlights the significance of turning the pages of the picture book. The wax crayon illustrations and spreads are peacefully simple, yet the story flows forward.</p>
					</div>
	</div>
</div>



<div style="height:50px" aria-hidden="true" class="wp-block-spacer"></div>



	<div  class="ktt-media-and-text mt-0 text-body bg-body ktt-media-and-text--manual" data-bs-theme=light>
		<div class="container-xxl">
			<div class="row align-items-center g-md-0">
				<div class="ktt-media-and-text__media-container col-12 col-md-6 order-first order-md-first">
									</div>
				<div class="ktt-media-and-text__text-container col-12 col-md-6">
											<h2 class="ktt-media-and-text__title ">Meria Palin</h2>
					
										
											<div class="ktt-media-and-text__description"><p>Meria Palin is an illustrator and author based in Tampere. She graduated with a Master’s degree in Children’s Book Illustration from the Cambridge School of Art in 2019. </p>
</div>
					
											
			<a class="btn btn-primary" href="https://kuvataidetalo.fi/en/people/meria-palin/" target="">About the artist</a>
		
										</div>
			</div>
		</div>
	</div>

	


<div style="height:50px" aria-hidden="true" class="wp-block-spacer"></div>



	<div  class="ktt-media-and-text mt-0 text-body bg-body ktt-media-and-text--manual" data-bs-theme=dark>
		<div class="container-xxl">
			<div class="row align-items-center g-md-0">
				<div class="ktt-media-and-text__media-container col-12 col-md-6 order-first order-md-last">
											<img decoding="async" class="w-100" src="https://kuvataidetalo.fi/wp-content/uploads/2024/08/Galleria-Kuvitus-768x511.jpg" alt="">
									</div>
				<div class="ktt-media-and-text__text-container col-12 col-md-6">
											<h2 class="ktt-media-and-text__title ">Visit the Exhibition</h2>
					
										
											<div class="ktt-media-and-text__description"><p>Galleria Kuvitus</p>
<p>Hämeentie 28, 00530 Helsinki<br />
Open thu-Fri 12-17, Sat-Sun 12-16</p>
</div>
					
											
			<a class="btn btn-primary" href="https://kuvataidetalo.fi/en/operators/gallery-illustration/" target="">Gallery</a>
		
										</div>
			</div>
		</div>
	</div>

	


<div  class="ktt-marquee mt-0">
	<h2 class="ktt-marquee__text sr-only">
		exhibitions	</h2>
</div>



<div  class="ktt-separator container-fluid my-4">
	<div class="border-bottom border-3 position-relative">
					<h2 class="separator__text position-absolute mb-0 top-50 start-50 translate-middle bg-body text-uppercase text-center">See also</h2>
			</div>
</div>



<div  class="ktt-recommended-content container-xxl d-flex flex-column align-items-center">
	<div class="ktt-recommended-content__grid grid w-100">
			</div>
	
			<a class="btn btn-primary" href="https://kuvataidetalo.fi/en/experience/?experience_cat=exhibition" target="">All exhibitions</a>
		
	</div>
